{"id":47,"date":"2012-02-21T11:07:08","date_gmt":"2012-02-21T10:07:08","guid":{"rendered":"http:\/\/www.botanischer-garten-wuppertal.de\/wordpress\/?page_id=47"},"modified":"2026-01-09T13:36:19","modified_gmt":"2026-01-09T12:36:19","slug":"47-2","status":"publish","type":"page","link":"http:\/\/www.botanischer-garten-wuppertal.de\/wordpress\/?page_id=47","title":{"rendered":"Ausstellungen"},"content":{"rendered":"<h2 style=\"text-align: center;\"><strong>Ausstellungen im Botanischen Garten 2026<\/strong><\/h2>\n<hr \/>\n<p style=\"text-align: center;\"><strong>Sa. 23. \u2013 So. 24. Mai 2026, 09.00 \u2013 19.00 Uhr<\/strong><\/p>\n<h2 style=\"text-align: center;\"><strong>Bilderausstellung von Enrica Sperati<\/strong><\/h2>\n<p style=\"text-align: center;\">\u00a0Die Wuppertaler K\u00fcnstlerin Enrica Sperati stellt eine Auswahl ihrer Werke im Gartenzimmer der Villa Eller aus. Die Malerin erschafft phantasievolle Bilder in Acryl auf Leinwand. Im Focus ihres k\u00fcnstlerischen Schaffens stehen oft stimmungsvolle Landschaften in leuchtenden Farben, manchmal mit Tieren oder Menschen.<\/p>\n<p style=\"text-align: center;\"><div id=\"grid-gallery-1-86579\" data-gg-id=\"1\" data-title=\"2026 Bilderausstellung Enrica Sperati\" data-grid-type=\"2\" data-offset=\"5.3\" data-area-position=\"center\" data-icons=\"\" data-preloader=\"true\" data-width=\"auto\" data-height=\"215\" data-padding=\"0\" data-quicksand=\"disabled\" data-quicksand-duration=\"none\" data-popup-theme=\"theme_1\" data-popup-type=\"colorbox\" data-popup-fadeOut=\"300\" data-popup-image-text=\"data-description\" data-popup-widthsize=\"auto\" data-popup-heightsize=\"auto\" data-popup-i18n-words=\"{&quot;close&quot;:&quot;schlie\\u00dfen&quot;,&quot;next&quot;:&quot;n\\u00e4chste&quot;,&quot;previous&quot;:&quot;vorherige&quot;,&quot;start_slideshow&quot;:&quot;Starte Slideshow&quot;,&quot;stop_slideshow&quot;:&quot;Stoppe Slideshow&quot;,&quot;image&quot;:&quot;Bild&quot;,&quot;of&quot;:&quot;von&quot;,&quot;prev&quot;:&quot;vorherige&quot;,&quot;cExpand&quot;:&quot;Erweitere&quot;,&quot;cPrevious&quot;:&quot;Vorheriges&quot;,&quot;cNext&quot;:&quot;N\\u00e4chstes&quot;,&quot;cExpandStr&quot;:&quot;Erweitere Bild&quot;,&quot;cRotate&quot;:&quot;Rotate&quot;,&quot;cDetails&quot;:&quot;Details&quot;}\" data-popup-slideshow=\"true\" data-popup-slideshow-speed=\"2500\" data-popup-hoverstop=\"true\" data-popup-slideshow-auto=\"false\" data-popup-background=\"\" data-popup-transparency=\"30\" data-popup-disable-history=\"\" data-popup-disable-changed-url=\"\" data-popup-border-type=\"solid\" data-popup-border-color=\"\" data-popup-border-width=\"\" data-popup-border-enable=\"\" data-fullscreen=\"false\" data-hide-tooltip=\"false\" data-caption-font-family=\"Default\" data-caption-text-size=\"140\" data-is-mobile=\"0\" data-caption-mobile=\"false\" data-hide-long-tltp-title=\"0\" data-caption-disabled-on-mobile=\"false\" data-popup-placement-type=\"0\" data-social-sharing=\"{&quot;enabled&quot;:null,&quot;gallerySharing&quot;:{&quot;enabled&quot;:null,&quot;position&quot;:null},&quot;imageSharing&quot;:{&quot;enabled&quot;:null,&quot;wrapperClass&quot;:&quot; vertical &quot;},&quot;popupSharing&quot;:{&quot;enabled&quot;:null,&quot;wrapperClass&quot;:&quot; vertical &quot;}}\" class=\"grid-gallery grid-gallery-fixed \" style=\" width:100%; height:auto; margin-left:auto; margin-right:auto;position:relative;\"> <div class=\"gallery-loading\"> <div class=\"blocks\"> <div class=\"block\"><\/div> <div class=\"block\"><\/div> <div class=\"block\"><\/div> <div class=\"block\"><\/div> <\/div> <\/div> <div class=\"gallery-sharing-top\" style=\"display:none;\"> <\/div> <div id=\"photos-1\" class=\"grid-gallery-photos\"><FIGURE class=\"grid-gallery-caption\" data-grid-gallery-type=\"quarter-slide-up\" data-index=\"0\" style=\"display:none;border-radius:00;; margin:2.65px; height:2150; width:auto;\" ><div class=\"crop\" style=\"\"><img decoding=\"async\" src=\"https:\/\/www.botanischer-garten-wuppertal.de\/wordpress\/wp-content\/uploads\/2025\/11\/Foto-1-Enrica-Sperati-97x215.jpg\" class=\"ggImg ggNotInitImg\" alt=\"Foto: \u00a9 Enrica Sperati\" title=\"Foto: \u00a9 Enrica Sperati\" data-description=\"Foto: \u00a9 Enrica Sperati\" data-caption=\"Foto 1 Enrica Sperati\" data-title=\"Foto 1 Enrica Sperati\" style=\" height:215px; width:auto;\" \/><\/div><FIGCAPTION class=\"\" data-alpha=\"5\" style=\"color:#ffffff; background-color:#6f0000; font-size:140; text-align:left; font-family:Default;\" ><div class=\"grid-gallery-figcaption-wrap\" style=\"\"><\/div><\/FIGCAPTION><\/FIGURE><FIGURE class=\"grid-gallery-caption\" data-grid-gallery-type=\"quarter-slide-up\" data-index=\"1\" style=\"display:none;border-radius:00;; margin:2.65px; height:2150; width:auto;\" ><div class=\"crop\" style=\"\"><img decoding=\"async\" src=\"https:\/\/www.botanischer-garten-wuppertal.de\/wordpress\/wp-content\/uploads\/2025\/11\/Foto-3-Enrica-Sperati-214x215.jpg\" class=\"ggImg ggNotInitImg\" alt=\"Foto: \u00a9 Enrica Sperati\" title=\"Foto: \u00a9 Enrica Sperati\" data-description=\"Foto: \u00a9 Enrica Sperati\" data-caption=\"Foto 3 Enrica Sperati\" data-title=\"Foto 3 Enrica Sperati\" style=\" height:215px; width:auto;\" \/><\/div><FIGCAPTION class=\"\" data-alpha=\"5\" style=\"color:#ffffff; background-color:#6f0000; font-size:140; text-align:left; font-family:Default;\" ><div class=\"grid-gallery-figcaption-wrap\" style=\"\"><\/div><\/FIGCAPTION><\/FIGURE><FIGURE class=\"grid-gallery-caption\" data-grid-gallery-type=\"quarter-slide-up\" data-index=\"2\" style=\"display:none;border-radius:00;; margin:2.65px; height:2150; width:auto;\" ><div class=\"crop\" style=\"\"><img decoding=\"async\" src=\"https:\/\/www.botanischer-garten-wuppertal.de\/wordpress\/wp-content\/uploads\/2025\/11\/Foto-4-Enrica-Sperati-160x215.jpg\" class=\"ggImg ggNotInitImg\" alt=\"Foto: \u00a9 Enrica Sperati\" title=\"Foto: \u00a9 Enrica Sperati\" data-description=\"Foto: \u00a9 Enrica Sperati\" data-caption=\"Foto 4 Enrica Sperati\" data-title=\"Foto 4 Enrica Sperati\" style=\" height:215px; width:auto;\" \/><\/div><FIGCAPTION class=\"\" data-alpha=\"5\" style=\"color:#ffffff; background-color:#6f0000; font-size:140; text-align:left; font-family:Default;\" ><div class=\"grid-gallery-figcaption-wrap\" style=\"\"><\/div><\/FIGCAPTION><\/FIGURE><FIGURE class=\"grid-gallery-caption\" data-grid-gallery-type=\"quarter-slide-up\" data-index=\"3\" style=\"display:none;border-radius:00;; margin:2.65px; height:2150; width:auto;\" ><div class=\"crop\" style=\"\"><img decoding=\"async\" src=\"https:\/\/www.botanischer-garten-wuppertal.de\/wordpress\/wp-content\/uploads\/2025\/11\/Foto-2-Enrica-Sperati-121x215.jpg\" class=\"ggImg ggNotInitImg\" alt=\"Foto: \u00a9 Enrica Sperati\" title=\"Foto: \u00a9 Enrica Sperati\" data-description=\"Foto: \u00a9 Enrica Sperati\" data-caption=\"Foto 2 Enrica Sperati\" data-title=\"Foto 2 Enrica Sperati\" style=\" height:215px; width:auto;\" \/><\/div><FIGCAPTION class=\"\" data-alpha=\"5\" style=\"color:#ffffff; background-color:#6f0000; font-size:140; text-align:left; font-family:Default;\" ><div class=\"grid-gallery-figcaption-wrap\" style=\"\"><\/div><\/FIGCAPTION><\/FIGURE> <div class=\"grid-gallery-clearfix\"><\/div> <\/div> <div class=\"gallery-sharing-bottom\" style=\"display:none;\"> <\/div> <div class=\"gallery-sharing-image\" style=\"display:none;\"> <\/div> <div class=\"gallery-sharing-popup\" style=\"display:none;\"> <\/div> <div class=\"grid-gallery-clearfix\"><\/div> <\/div> <!-- Gallery by Supsystic plugin1.15.32 --><\/p>\n<p style=\"text-align: center;\"><strong>Ort: Gartenzimmer<\/strong><\/p>\n<hr \/>\n<p style=\"text-align: center;\"><strong>Sa. 13. Juni &#8211; So. 21. Juni 2026<\/strong><\/p>\n<h2 style=\"text-align: center;\"><strong>Woche der Botanischen G\u00e4rten<\/strong><\/h2>\n<p style=\"text-align: center;\"><b>Jedes Jahr Anfang Juni laden die Verbandsg\u00e4rten zu dieser gemeinsamen Aktion Besucher und Besucherinnen ein. Entdecken Sie mit uns die faszinierende Welt der Pflanzen unter einem speziellen Motto. <\/b><\/p>\n<p><a href=\"https:\/\/www.verband-botanischer-gaerten.de\/Aktuelles\/Veranstaltungen\/Woche_der_Botanischen_Gaerten.html\" target=\"_blank\" rel=\"noopener\"><img loading=\"lazy\" decoding=\"async\" class=\"size-full wp-image-2691 aligncenter\" src=\"http:\/\/www.botanischer-garten-wuppertal.de\/wordpress\/wp-content\/uploads\/2012\/02\/01-Verband_Logo.jpg\" alt=\"\" width=\"304\" height=\"143\" srcset=\"http:\/\/www.botanischer-garten-wuppertal.de\/wordpress\/wp-content\/uploads\/2012\/02\/01-Verband_Logo.jpg 304w, http:\/\/www.botanischer-garten-wuppertal.de\/wordpress\/wp-content\/uploads\/2012\/02\/01-Verband_Logo-300x141.jpg 300w\" sizes=\"auto, (max-width: 304px) 100vw, 304px\" \/><\/a><\/p>\n<h2 style=\"text-align: center;\"><strong>Wilde Vielfalt im Garten<\/strong><\/h2>\n<p style=\"text-align: center;\">Botanische G\u00e4rten sind Hotspots der wilden Artenvielfalt. Was kann man zur F\u00f6rderung der Artenvielfalt in G\u00e4rten tun?<\/p>\n<p style=\"text-align: center;\">Die Ausstellung \u201eWilde Vielfalt im Garten\u201c zeigt, wie lebendig G\u00e4rten sind \u2013 und zwar \u00fcber die angepflanzte Vielfalt hinaus! Pilze, Moose, Kleinstlebewesen, Insekten und Wirbeltiere k\u00f6nnen in unseren Botanischen G\u00e4rten und Privatg\u00e4rten leben. Anhand spannender Beispiele werden verschiedene Organismengruppen vorgestellt und \u00f6kologische Beziehungen in unseren G\u00e4rten sichtbar gemacht, die oft \u00fcbersehen werden. Erg\u00e4nzend stellen Steckbriefe einzelnen Lebensr\u00e4ume genauer vor und bieten Tipps f\u00fcr zuhause. Besucherinnen und Besucher erfahren dabei, wie sie Artenvielfalt im eigenen Garten oder auf dem Balkon f\u00f6rdern k\u00f6nnen.<\/p>\n<p style=\"text-align: center;\"><em>Eine Gemeinschaftsaktion der Botanischen G\u00e4rten\u00a0Deutschlands <\/em><br \/>\n<a href=\"http:\/\/www.verband-botanischer-gaerten.de\" target=\"_blank\" rel=\"noopener\"><em>www.verband-botanischer-gaerten.de<\/em><\/a><\/p>\n<p style=\"text-align: center;\"><strong>Ort: Glashaus<\/strong><\/p>\n<hr \/>\n<p style=\"text-align: center;\"><strong>Sa. 11. \u2013 So. 12. Juli 2026, 09.00 \u2013 19.00 Uhr<\/strong><\/p>\n<h2 style=\"text-align: center;\"><strong>Bilderausstellung von Enrica Sperati<\/strong><\/h2>\n<p style=\"text-align: center;\">\u00a0Die Wuppertaler K\u00fcnstlerin Enrica Sperati stellt eine Auswahl ihrer Werke im Gartenzimmer der Villa Eller aus. Die Malerin erschafft phantasievolle Bilder in Acryl auf Leinwand. Im Focus ihres k\u00fcnstlerischen Schaffens stehen oft stimmungsvolle Landschaften in leuchtenden Farben, manchmal mit Tieren oder Menschen.<\/p>\n<p style=\"text-align: center;\"><div id=\"grid-gallery-1-15206\" data-gg-id=\"1\" data-title=\"2026 Bilderausstellung Enrica Sperati\" data-grid-type=\"2\" data-offset=\"5.3\" data-area-position=\"center\" data-icons=\"\" data-preloader=\"true\" data-width=\"auto\" data-height=\"215\" data-padding=\"0\" data-quicksand=\"disabled\" data-quicksand-duration=\"none\" data-popup-theme=\"theme_1\" data-popup-type=\"colorbox\" data-popup-fadeOut=\"300\" data-popup-image-text=\"data-description\" data-popup-widthsize=\"auto\" data-popup-heightsize=\"auto\" data-popup-i18n-words=\"{&quot;close&quot;:&quot;schlie\\u00dfen&quot;,&quot;next&quot;:&quot;n\\u00e4chste&quot;,&quot;previous&quot;:&quot;vorherige&quot;,&quot;start_slideshow&quot;:&quot;Starte Slideshow&quot;,&quot;stop_slideshow&quot;:&quot;Stoppe Slideshow&quot;,&quot;image&quot;:&quot;Bild&quot;,&quot;of&quot;:&quot;von&quot;,&quot;prev&quot;:&quot;vorherige&quot;,&quot;cExpand&quot;:&quot;Erweitere&quot;,&quot;cPrevious&quot;:&quot;Vorheriges&quot;,&quot;cNext&quot;:&quot;N\\u00e4chstes&quot;,&quot;cExpandStr&quot;:&quot;Erweitere Bild&quot;,&quot;cRotate&quot;:&quot;Rotate&quot;,&quot;cDetails&quot;:&quot;Details&quot;}\" data-popup-slideshow=\"true\" data-popup-slideshow-speed=\"2500\" data-popup-hoverstop=\"true\" data-popup-slideshow-auto=\"false\" data-popup-background=\"\" data-popup-transparency=\"30\" data-popup-disable-history=\"\" data-popup-disable-changed-url=\"\" data-popup-border-type=\"solid\" data-popup-border-color=\"\" data-popup-border-width=\"\" data-popup-border-enable=\"\" data-fullscreen=\"false\" data-hide-tooltip=\"false\" data-caption-font-family=\"Default\" data-caption-text-size=\"140\" data-is-mobile=\"0\" data-caption-mobile=\"false\" data-hide-long-tltp-title=\"0\" data-caption-disabled-on-mobile=\"false\" data-popup-placement-type=\"0\" data-social-sharing=\"{&quot;enabled&quot;:null,&quot;gallerySharing&quot;:{&quot;enabled&quot;:null,&quot;position&quot;:null},&quot;imageSharing&quot;:{&quot;enabled&quot;:null,&quot;wrapperClass&quot;:&quot; vertical &quot;},&quot;popupSharing&quot;:{&quot;enabled&quot;:null,&quot;wrapperClass&quot;:&quot; vertical &quot;}}\" class=\"grid-gallery grid-gallery-fixed \" style=\" width:100%; height:auto; margin-left:auto; margin-right:auto;position:relative;\"> <div class=\"gallery-loading\"> <div class=\"blocks\"> <div class=\"block\"><\/div> <div class=\"block\"><\/div> <div class=\"block\"><\/div> <div class=\"block\"><\/div> <\/div> <\/div> <div class=\"gallery-sharing-top\" style=\"display:none;\"> <\/div> <div id=\"photos-1\" class=\"grid-gallery-photos\"><FIGURE class=\"grid-gallery-caption\" data-grid-gallery-type=\"quarter-slide-up\" data-index=\"0\" style=\"display:none;border-radius:00;; margin:2.65px; height:2150; width:auto;\" ><div class=\"crop\" style=\"\"><img decoding=\"async\" src=\"https:\/\/www.botanischer-garten-wuppertal.de\/wordpress\/wp-content\/uploads\/2025\/11\/Foto-4-Enrica-Sperati-160x215.jpg\" class=\"ggImg ggNotInitImg\" alt=\"Foto: \u00a9 Enrica Sperati\" title=\"Foto: \u00a9 Enrica Sperati\" data-description=\"Foto: \u00a9 Enrica Sperati\" data-caption=\"Foto 4 Enrica Sperati\" data-title=\"Foto 4 Enrica Sperati\" style=\" height:215px; width:auto;\" \/><\/div><FIGCAPTION class=\"\" data-alpha=\"5\" style=\"color:#ffffff; background-color:#6f0000; font-size:140; text-align:left; font-family:Default;\" ><div class=\"grid-gallery-figcaption-wrap\" style=\"\"><\/div><\/FIGCAPTION><\/FIGURE><FIGURE class=\"grid-gallery-caption\" data-grid-gallery-type=\"quarter-slide-up\" data-index=\"1\" style=\"display:none;border-radius:00;; margin:2.65px; height:2150; width:auto;\" ><div class=\"crop\" style=\"\"><img decoding=\"async\" src=\"https:\/\/www.botanischer-garten-wuppertal.de\/wordpress\/wp-content\/uploads\/2025\/11\/Foto-1-Enrica-Sperati-97x215.jpg\" class=\"ggImg ggNotInitImg\" alt=\"Foto: \u00a9 Enrica Sperati\" title=\"Foto: \u00a9 Enrica Sperati\" data-description=\"Foto: \u00a9 Enrica Sperati\" data-caption=\"Foto 1 Enrica Sperati\" data-title=\"Foto 1 Enrica Sperati\" style=\" height:215px; width:auto;\" \/><\/div><FIGCAPTION class=\"\" data-alpha=\"5\" style=\"color:#ffffff; background-color:#6f0000; font-size:140; text-align:left; font-family:Default;\" ><div class=\"grid-gallery-figcaption-wrap\" style=\"\"><\/div><\/FIGCAPTION><\/FIGURE><FIGURE class=\"grid-gallery-caption\" data-grid-gallery-type=\"quarter-slide-up\" data-index=\"2\" style=\"display:none;border-radius:00;; margin:2.65px; height:2150; width:auto;\" ><div class=\"crop\" style=\"\"><img decoding=\"async\" src=\"https:\/\/www.botanischer-garten-wuppertal.de\/wordpress\/wp-content\/uploads\/2025\/11\/Foto-3-Enrica-Sperati-214x215.jpg\" class=\"ggImg ggNotInitImg\" alt=\"Foto: \u00a9 Enrica Sperati\" title=\"Foto: \u00a9 Enrica Sperati\" data-description=\"Foto: \u00a9 Enrica Sperati\" data-caption=\"Foto 3 Enrica Sperati\" data-title=\"Foto 3 Enrica Sperati\" style=\" height:215px; width:auto;\" \/><\/div><FIGCAPTION class=\"\" data-alpha=\"5\" style=\"color:#ffffff; background-color:#6f0000; font-size:140; text-align:left; font-family:Default;\" ><div class=\"grid-gallery-figcaption-wrap\" style=\"\"><\/div><\/FIGCAPTION><\/FIGURE><FIGURE class=\"grid-gallery-caption\" data-grid-gallery-type=\"quarter-slide-up\" data-index=\"3\" style=\"display:none;border-radius:00;; margin:2.65px; height:2150; width:auto;\" ><div class=\"crop\" style=\"\"><img decoding=\"async\" src=\"https:\/\/www.botanischer-garten-wuppertal.de\/wordpress\/wp-content\/uploads\/2025\/11\/Foto-2-Enrica-Sperati-121x215.jpg\" class=\"ggImg ggNotInitImg\" alt=\"Foto: \u00a9 Enrica Sperati\" title=\"Foto: \u00a9 Enrica Sperati\" data-description=\"Foto: \u00a9 Enrica Sperati\" data-caption=\"Foto 2 Enrica Sperati\" data-title=\"Foto 2 Enrica Sperati\" style=\" height:215px; width:auto;\" \/><\/div><FIGCAPTION class=\"\" data-alpha=\"5\" style=\"color:#ffffff; background-color:#6f0000; font-size:140; text-align:left; font-family:Default;\" ><div class=\"grid-gallery-figcaption-wrap\" style=\"\"><\/div><\/FIGCAPTION><\/FIGURE> <div class=\"grid-gallery-clearfix\"><\/div> <\/div> <div class=\"gallery-sharing-bottom\" style=\"display:none;\"> <\/div> <div class=\"gallery-sharing-image\" style=\"display:none;\"> <\/div> <div class=\"gallery-sharing-popup\" style=\"display:none;\"> <\/div> <div class=\"grid-gallery-clearfix\"><\/div> <\/div> <!-- Gallery by Supsystic plugin1.15.32 --><\/p>\n<p style=\"text-align: center;\"><strong>Ort: Gartenzimmer<\/strong><\/p>\n<hr \/>\n<p style=\"text-align: center;\"><strong>Sa. 19. \u2013 So. 20. September 2026, 09.00 \u2013 19.00 Uhr<\/strong><\/p>\n<h2 style=\"text-align: center;\"><strong>Bilderausstellung von Enrica Sperati<\/strong><\/h2>\n<p style=\"text-align: center;\">\u00a0Die Wuppertaler K\u00fcnstlerin Enrica Sperati stellt eine Auswahl ihrer Werke im Gartenzimmer der Villa Eller aus. Die Malerin erschafft phantasievolle Bilder in Acryl auf Leinwand. Im Focus ihres k\u00fcnstlerischen Schaffens stehen oft stimmungsvolle Landschaften in leuchtenden Farben, manchmal mit Tieren oder Menschen.<\/p>\n<p style=\"text-align: center;\"><div id=\"grid-gallery-1-60503\" data-gg-id=\"1\" data-title=\"2026 Bilderausstellung Enrica Sperati\" data-grid-type=\"2\" data-offset=\"5.3\" data-area-position=\"center\" data-icons=\"\" data-preloader=\"true\" data-width=\"auto\" data-height=\"215\" data-padding=\"0\" data-quicksand=\"disabled\" data-quicksand-duration=\"none\" data-popup-theme=\"theme_1\" data-popup-type=\"colorbox\" data-popup-fadeOut=\"300\" data-popup-image-text=\"data-description\" data-popup-widthsize=\"auto\" data-popup-heightsize=\"auto\" data-popup-i18n-words=\"{&quot;close&quot;:&quot;schlie\\u00dfen&quot;,&quot;next&quot;:&quot;n\\u00e4chste&quot;,&quot;previous&quot;:&quot;vorherige&quot;,&quot;start_slideshow&quot;:&quot;Starte Slideshow&quot;,&quot;stop_slideshow&quot;:&quot;Stoppe Slideshow&quot;,&quot;image&quot;:&quot;Bild&quot;,&quot;of&quot;:&quot;von&quot;,&quot;prev&quot;:&quot;vorherige&quot;,&quot;cExpand&quot;:&quot;Erweitere&quot;,&quot;cPrevious&quot;:&quot;Vorheriges&quot;,&quot;cNext&quot;:&quot;N\\u00e4chstes&quot;,&quot;cExpandStr&quot;:&quot;Erweitere Bild&quot;,&quot;cRotate&quot;:&quot;Rotate&quot;,&quot;cDetails&quot;:&quot;Details&quot;}\" data-popup-slideshow=\"true\" data-popup-slideshow-speed=\"2500\" data-popup-hoverstop=\"true\" data-popup-slideshow-auto=\"false\" data-popup-background=\"\" data-popup-transparency=\"30\" data-popup-disable-history=\"\" data-popup-disable-changed-url=\"\" data-popup-border-type=\"solid\" data-popup-border-color=\"\" data-popup-border-width=\"\" data-popup-border-enable=\"\" data-fullscreen=\"false\" data-hide-tooltip=\"false\" data-caption-font-family=\"Default\" data-caption-text-size=\"140\" data-is-mobile=\"0\" data-caption-mobile=\"false\" data-hide-long-tltp-title=\"0\" data-caption-disabled-on-mobile=\"false\" data-popup-placement-type=\"0\" data-social-sharing=\"{&quot;enabled&quot;:null,&quot;gallerySharing&quot;:{&quot;enabled&quot;:null,&quot;position&quot;:null},&quot;imageSharing&quot;:{&quot;enabled&quot;:null,&quot;wrapperClass&quot;:&quot; vertical &quot;},&quot;popupSharing&quot;:{&quot;enabled&quot;:null,&quot;wrapperClass&quot;:&quot; vertical &quot;}}\" class=\"grid-gallery grid-gallery-fixed \" style=\" width:100%; height:auto; margin-left:auto; margin-right:auto;position:relative;\"> <div class=\"gallery-loading\"> <div class=\"blocks\"> <div class=\"block\"><\/div> <div class=\"block\"><\/div> <div class=\"block\"><\/div> <div class=\"block\"><\/div> <\/div> <\/div> <div class=\"gallery-sharing-top\" style=\"display:none;\"> <\/div> <div id=\"photos-1\" class=\"grid-gallery-photos\"><FIGURE class=\"grid-gallery-caption\" data-grid-gallery-type=\"quarter-slide-up\" data-index=\"0\" style=\"display:none;border-radius:00;; margin:2.65px; height:2150; width:auto;\" ><div class=\"crop\" style=\"\"><img decoding=\"async\" src=\"https:\/\/www.botanischer-garten-wuppertal.de\/wordpress\/wp-content\/uploads\/2025\/11\/Foto-3-Enrica-Sperati-214x215.jpg\" class=\"ggImg ggNotInitImg\" alt=\"Foto: \u00a9 Enrica Sperati\" title=\"Foto: \u00a9 Enrica Sperati\" data-description=\"Foto: \u00a9 Enrica Sperati\" data-caption=\"Foto 3 Enrica Sperati\" data-title=\"Foto 3 Enrica Sperati\" style=\" height:215px; width:auto;\" \/><\/div><FIGCAPTION class=\"\" data-alpha=\"5\" style=\"color:#ffffff; background-color:#6f0000; font-size:140; text-align:left; font-family:Default;\" ><div class=\"grid-gallery-figcaption-wrap\" style=\"\"><\/div><\/FIGCAPTION><\/FIGURE><FIGURE class=\"grid-gallery-caption\" data-grid-gallery-type=\"quarter-slide-up\" data-index=\"1\" style=\"display:none;border-radius:00;; margin:2.65px; height:2150; width:auto;\" ><div class=\"crop\" style=\"\"><img decoding=\"async\" src=\"https:\/\/www.botanischer-garten-wuppertal.de\/wordpress\/wp-content\/uploads\/2025\/11\/Foto-2-Enrica-Sperati-121x215.jpg\" class=\"ggImg ggNotInitImg\" alt=\"Foto: \u00a9 Enrica Sperati\" title=\"Foto: \u00a9 Enrica Sperati\" data-description=\"Foto: \u00a9 Enrica Sperati\" data-caption=\"Foto 2 Enrica Sperati\" data-title=\"Foto 2 Enrica Sperati\" style=\" height:215px; width:auto;\" \/><\/div><FIGCAPTION class=\"\" data-alpha=\"5\" style=\"color:#ffffff; background-color:#6f0000; font-size:140; text-align:left; font-family:Default;\" ><div class=\"grid-gallery-figcaption-wrap\" style=\"\"><\/div><\/FIGCAPTION><\/FIGURE><FIGURE class=\"grid-gallery-caption\" data-grid-gallery-type=\"quarter-slide-up\" data-index=\"2\" style=\"display:none;border-radius:00;; margin:2.65px; height:2150; width:auto;\" ><div class=\"crop\" style=\"\"><img decoding=\"async\" src=\"https:\/\/www.botanischer-garten-wuppertal.de\/wordpress\/wp-content\/uploads\/2025\/11\/Foto-1-Enrica-Sperati-97x215.jpg\" class=\"ggImg ggNotInitImg\" alt=\"Foto: \u00a9 Enrica Sperati\" title=\"Foto: \u00a9 Enrica Sperati\" data-description=\"Foto: \u00a9 Enrica Sperati\" data-caption=\"Foto 1 Enrica Sperati\" data-title=\"Foto 1 Enrica Sperati\" style=\" height:215px; width:auto;\" \/><\/div><FIGCAPTION class=\"\" data-alpha=\"5\" style=\"color:#ffffff; background-color:#6f0000; font-size:140; text-align:left; font-family:Default;\" ><div class=\"grid-gallery-figcaption-wrap\" style=\"\"><\/div><\/FIGCAPTION><\/FIGURE><FIGURE class=\"grid-gallery-caption\" data-grid-gallery-type=\"quarter-slide-up\" data-index=\"3\" style=\"display:none;border-radius:00;; margin:2.65px; height:2150; width:auto;\" ><div class=\"crop\" style=\"\"><img decoding=\"async\" src=\"https:\/\/www.botanischer-garten-wuppertal.de\/wordpress\/wp-content\/uploads\/2025\/11\/Foto-4-Enrica-Sperati-160x215.jpg\" class=\"ggImg ggNotInitImg\" alt=\"Foto: \u00a9 Enrica Sperati\" title=\"Foto: \u00a9 Enrica Sperati\" data-description=\"Foto: \u00a9 Enrica Sperati\" data-caption=\"Foto 4 Enrica Sperati\" data-title=\"Foto 4 Enrica Sperati\" style=\" height:215px; width:auto;\" \/><\/div><FIGCAPTION class=\"\" data-alpha=\"5\" style=\"color:#ffffff; background-color:#6f0000; font-size:140; text-align:left; font-family:Default;\" ><div class=\"grid-gallery-figcaption-wrap\" style=\"\"><\/div><\/FIGCAPTION><\/FIGURE> <div class=\"grid-gallery-clearfix\"><\/div> <\/div> <div class=\"gallery-sharing-bottom\" style=\"display:none;\"> <\/div> <div class=\"gallery-sharing-image\" style=\"display:none;\"> <\/div> <div class=\"gallery-sharing-popup\" style=\"display:none;\"> <\/div> <div class=\"grid-gallery-clearfix\"><\/div> <\/div> <!-- Gallery by Supsystic plugin1.15.32 --><\/p>\n<p style=\"text-align: center;\"><strong>Ort: Gartenzimmer<\/strong><\/p>\n<p>&nbsp;<\/p>\n","protected":false},"excerpt":{"rendered":"<p>Ausstellungen im Botanischen Garten 2026 Sa. 23. \u2013 So. 24. Mai 2026, 09.00 \u2013 19.00 Uhr Bilderausstellung von Enrica Sperati \u00a0Die Wuppertaler K\u00fcnstlerin Enrica Sperati stellt eine Auswahl ihrer Werke im Gartenzimmer der Villa Eller aus. Die Malerin erschafft phantasievolle &hellip; <a href=\"http:\/\/www.botanischer-garten-wuppertal.de\/wordpress\/?page_id=47\">Weiterlesen <span class=\"meta-nav\">&rarr;<\/span><\/a><\/p>\n","protected":false},"author":1,"featured_media":0,"parent":34,"menu_order":5,"comment_status":"closed","ping_status":"closed","template":"onecolumn-page.php","meta":{"footnotes":""},"class_list":["post-47","page","type-page","status-publish","hentry"],"_links":{"self":[{"href":"http:\/\/www.botanischer-garten-wuppertal.de\/wordpress\/index.php?rest_route=\/wp\/v2\/pages\/47","targetHints":{"allow":["GET"]}}],"collection":[{"href":"http:\/\/www.botanischer-garten-wuppertal.de\/wordpress\/index.php?rest_route=\/wp\/v2\/pages"}],"about":[{"href":"http:\/\/www.botanischer-garten-wuppertal.de\/wordpress\/index.php?rest_route=\/wp\/v2\/types\/page"}],"author":[{"embeddable":true,"href":"http:\/\/www.botanischer-garten-wuppertal.de\/wordpress\/index.php?rest_route=\/wp\/v2\/users\/1"}],"replies":[{"embeddable":true,"href":"http:\/\/www.botanischer-garten-wuppertal.de\/wordpress\/index.php?rest_route=%2Fwp%2Fv2%2Fcomments&post=47"}],"version-history":[{"count":96,"href":"http:\/\/www.botanischer-garten-wuppertal.de\/wordpress\/index.php?rest_route=\/wp\/v2\/pages\/47\/revisions"}],"predecessor-version":[{"id":10466,"href":"http:\/\/www.botanischer-garten-wuppertal.de\/wordpress\/index.php?rest_route=\/wp\/v2\/pages\/47\/revisions\/10466"}],"up":[{"embeddable":true,"href":"http:\/\/www.botanischer-garten-wuppertal.de\/wordpress\/index.php?rest_route=\/wp\/v2\/pages\/34"}],"wp:attachment":[{"href":"http:\/\/www.botanischer-garten-wuppertal.de\/wordpress\/index.php?rest_route=%2Fwp%2Fv2%2Fmedia&parent=47"}],"curies":[{"name":"wp","href":"https:\/\/api.w.org\/{rel}","templated":true}]}}