{"id":2064,"date":"2012-02-29T13:51:21","date_gmt":"2012-02-29T12:51:21","guid":{"rendered":"http:\/\/www.botanischer-garten-wuppertal.de\/wordpress\/?page_id=2064"},"modified":"2026-01-07T12:38:26","modified_gmt":"2026-01-07T11:38:26","slug":"offnungszeiten","status":"publish","type":"page","link":"http:\/\/www.botanischer-garten-wuppertal.de\/wordpress\/?page_id=2064","title":{"rendered":"\u00d6ffnungszeiten"},"content":{"rendered":"<p>&nbsp;<\/p>\n<h2><strong>Unsere \u00d6ffnungszeiten:<\/strong><\/h2>\n<p><strong>April bis September \u00a0 \u00a0 \u00a0 \u00a0 7.30 bis 19.00 Uhr<br \/>\nOktober und M\u00e4rz \u00a0 \u00a0 \u00a0 \u00a0 \u00a0 \u00a07.30 bis 18.00 Uhr<br \/>\nNovember bis Februar \u00a0 \u00a07.30 bis 16.30 Uhr<\/strong><\/p>\n<p>Samstags, sonntags und an Feiertagen ist der Botanische Garten ab 9.00 Uhr ge\u00f6ffnet.<\/p>\n<p><strong>Glashaus, Warm- und Kalthausbereich:<\/strong><br \/>\nApril bis September \u00a0 \u00a0 11.00 bis 18.00 Uhr<br \/>\nOktober bis M\u00e4rz \u00a0 \u00a0 \u00a0 \u00a0 11.00 bis 16.00 Uhr<\/p>\n<p>Die Themenbereichsh\u00e4user (Kakteen, Sukkulenten, Zwiebel- und Knollengew\u00e4chsh\u00e4user) werden zu F\u00fchrungen ge\u00f6ffnet.<\/p>\n<p>Der Botanische Garten und die Glash\u00e4user bleiben an folgenden Tagen geschlossen:<br \/>\n24., 25., 26. und 31.12. sowie am 01.01. eines jeden Jahres.<\/p>\n","protected":false},"excerpt":{"rendered":"<p>&nbsp; Unsere \u00d6ffnungszeiten: April bis September \u00a0 \u00a0 \u00a0 \u00a0 7.30 bis 19.00 Uhr Oktober und M\u00e4rz \u00a0 \u00a0 \u00a0 \u00a0 \u00a0 \u00a07.30 bis 18.00 Uhr November bis Februar \u00a0 \u00a07.30 bis 16.30 Uhr Samstags, sonntags und an Feiertagen ist &hellip; <a href=\"http:\/\/www.botanischer-garten-wuppertal.de\/wordpress\/?page_id=2064\">Weiterlesen <span class=\"meta-nav\">&rarr;<\/span><\/a><\/p>\n","protected":false},"author":1,"featured_media":0,"parent":2043,"menu_order":3,"comment_status":"closed","ping_status":"closed","template":"onecolumn-page.php","meta":{"footnotes":""},"class_list":["post-2064","page","type-page","status-publish","hentry"],"_links":{"self":[{"href":"http:\/\/www.botanischer-garten-wuppertal.de\/wordpress\/index.php?rest_route=\/wp\/v2\/pages\/2064","targetHints":{"allow":["GET"]}}],"collection":[{"href":"http:\/\/www.botanischer-garten-wuppertal.de\/wordpress\/index.php?rest_route=\/wp\/v2\/pages"}],"about":[{"href":"http:\/\/www.botanischer-garten-wuppertal.de\/wordpress\/index.php?rest_route=\/wp\/v2\/types\/page"}],"author":[{"embeddable":true,"href":"http:\/\/www.botanischer-garten-wuppertal.de\/wordpress\/index.php?rest_route=\/wp\/v2\/users\/1"}],"replies":[{"embeddable":true,"href":"http:\/\/www.botanischer-garten-wuppertal.de\/wordpress\/index.php?rest_route=%2Fwp%2Fv2%2Fcomments&post=2064"}],"version-history":[{"count":9,"href":"http:\/\/www.botanischer-garten-wuppertal.de\/wordpress\/index.php?rest_route=\/wp\/v2\/pages\/2064\/revisions"}],"predecessor-version":[{"id":10421,"href":"http:\/\/www.botanischer-garten-wuppertal.de\/wordpress\/index.php?rest_route=\/wp\/v2\/pages\/2064\/revisions\/10421"}],"up":[{"embeddable":true,"href":"http:\/\/www.botanischer-garten-wuppertal.de\/wordpress\/index.php?rest_route=\/wp\/v2\/pages\/2043"}],"wp:attachment":[{"href":"http:\/\/www.botanischer-garten-wuppertal.de\/wordpress\/index.php?rest_route=%2Fwp%2Fv2%2Fmedia&parent=2064"}],"curies":[{"name":"wp","href":"https:\/\/api.w.org\/{rel}","templated":true}]}}