{"id":2007,"date":"2012-02-29T11:13:26","date_gmt":"2012-02-29T10:13:26","guid":{"rendered":"http:\/\/www.botanischer-garten-wuppertal.de\/wordpress\/?page_id=2007"},"modified":"2026-01-07T13:03:21","modified_gmt":"2026-01-07T12:03:21","slug":"links","status":"publish","type":"page","link":"http:\/\/www.botanischer-garten-wuppertal.de\/wordpress\/?page_id=2007","title":{"rendered":"Links"},"content":{"rendered":"<p>&nbsp;<\/p>\n<p><a href=\"http:\/\/bergische-gartenarche.org\/\" target=\"_blank\" rel=\"noopener\"><img loading=\"lazy\" decoding=\"async\" class=\"alignnone size-large wp-image-4631\" src=\"http:\/\/www.botanischer-garten-wuppertal.de\/wordpress\/wp-content\/uploads\/2012\/02\/Gartenarche-1024x156.jpg\" alt=\"Gartenarche\" width=\"640\" height=\"98\" srcset=\"http:\/\/www.botanischer-garten-wuppertal.de\/wordpress\/wp-content\/uploads\/2012\/02\/Gartenarche.jpg 1024w, http:\/\/www.botanischer-garten-wuppertal.de\/wordpress\/wp-content\/uploads\/2012\/02\/Gartenarche-300x46.jpg 300w\" sizes=\"auto, (max-width: 640px) 100vw, 640px\" \/><\/a><\/p>\n<hr \/>\n<p style=\"text-align: center;\"><strong>Der Gr\u00fcne Zoo Wuppertal<\/strong><\/p>\n<p><a href=\"https:\/\/www.wuppertal.de\/microsite\/zoo\/index.php\" target=\"_blank\" rel=\"noopener\"><img loading=\"lazy\" decoding=\"async\" class=\"wp-image-8750 size-medium aligncenter\" src=\"http:\/\/www.botanischer-garten-wuppertal.de\/wordpress\/wp-content\/uploads\/2022\/01\/Zoo_Logo_RGB-300x253.jpg\" alt=\"\" width=\"300\" height=\"253\" srcset=\"http:\/\/www.botanischer-garten-wuppertal.de\/wordpress\/wp-content\/uploads\/2022\/01\/Zoo_Logo_RGB-300x253.jpg 300w, http:\/\/www.botanischer-garten-wuppertal.de\/wordpress\/wp-content\/uploads\/2022\/01\/Zoo_Logo_RGB-1024x862.jpg 1024w, http:\/\/www.botanischer-garten-wuppertal.de\/wordpress\/wp-content\/uploads\/2022\/01\/Zoo_Logo_RGB-768x647.jpg 768w, http:\/\/www.botanischer-garten-wuppertal.de\/wordpress\/wp-content\/uploads\/2022\/01\/Zoo_Logo_RGB-1536x1293.jpg 1536w, http:\/\/www.botanischer-garten-wuppertal.de\/wordpress\/wp-content\/uploads\/2022\/01\/Zoo_Logo_RGB.jpg 1772w\" sizes=\"auto, (max-width: 300px) 100vw, 300px\" \/><\/a><\/p>\n<hr \/>\n<p><a href=\"https:\/\/stnu.de\" target=\"_blank\" rel=\"noopener\"><img loading=\"lazy\" decoding=\"async\" class=\"aligncenter wp-image-10424 size-full\" src=\"http:\/\/www.botanischer-garten-wuppertal.de\/wordpress\/wp-content\/uploads\/2026\/01\/Logo-Station-Natur-und-Umwelt.jpg\" alt=\"\" width=\"350\" height=\"136\" srcset=\"http:\/\/www.botanischer-garten-wuppertal.de\/wordpress\/wp-content\/uploads\/2026\/01\/Logo-Station-Natur-und-Umwelt.jpg 350w, http:\/\/www.botanischer-garten-wuppertal.de\/wordpress\/wp-content\/uploads\/2026\/01\/Logo-Station-Natur-und-Umwelt-300x117.jpg 300w\" sizes=\"auto, (max-width: 350px) 100vw, 350px\" \/><\/a><\/p>\n<p style=\"text-align: center;\">Die Station Natur und Umwelt besteht seit 1984 und ist die gr\u00f6\u00dfte kommunale Einrichtung f\u00fcr Umweltbildung und Umwelterziehung im Bergischen Land. \u00dcber 25.000 kleine und gro\u00dfe Nutzerinnen und Nutzer j\u00e4hrlich erleben in dem sieben Hektar gro\u00dfen Naturlehrgebiet, im benachbarten Landschaftsschutzgebiet Gelpetal sowie im Stationsgeb\u00e4ude die Pflanzen und Tiere hautnah, ganz nach unserem Motto: &#8222;Natur erfassen &#8211; Natur zum Anfassen&#8220;.<br \/>\n<strong>Die Station Natur und Umwelt ist langj\u00e4hriger Kooperationspartner des Botanischen Gartens Wuppertal!<\/strong><\/p>\n<hr \/>\n<p style=\"text-align: center;\"><a href=\"http:\/\/www.verband-botanischer-gaerten.de\/\" target=\"_blank\" rel=\"attachment noopener wp-att-2691\"><img loading=\"lazy\" decoding=\"async\" class=\"aligncenter\" title=\"Verband7.cdr\" src=\"http:\/\/www.botanischer-garten-wuppertal.de\/wordpress\/wp-content\/uploads\/2012\/02\/01-Verband_Logo.jpg\" alt=\"\" width=\"304\" height=\"143\" \/><\/a><\/p>\n<h3 style=\"text-align: center;\"><strong>Willkommen in den Botanischen G\u00e4rten Deutschlands!<\/strong><\/h3>\n<p style=\"text-align: center;\">Botanische G\u00e4rten erforschen die Pflanzenwelt und bewahren sie; sie sind die H\u00fcter der Vielfalt des \u201eGr\u00fcnen Goldes\u201c.\u00a0Sie sind spannende Lernorte und hochwertige Erholungsr\u00e4ume f\u00fcr Erwachsene, Kinder, Sch\u00fcler und Studierende. Mehr als 20 Millionen Besuchern j\u00e4hrlich alleine in Deutschland bringen sie Freude und Sch\u00f6nheit, und vermitteln nachhaltig Wissen \u00fcber die Pflanzenwelt.<br \/>\nDie Botanischen G\u00e4rten in Deutschland kultivieren ein F\u00fcnftel der weltweit bekannten Bl\u00fctenpflanzen in ihren dokumentierten Sammlungen, pflegen Erhaltungskulturen seltener Pflanzen und kooperieren im Naturschutz.<br \/>\nInformieren Sie sich hier \u00fcber die Sch\u00f6nheit, Vielfalt und die Arbeitsfelder auch \u201eIhres\u201c Botanischen Gartens!<\/p>\n<p style=\"text-align: center;\">Erleben Sie all das in \u201eIhrem\u201c Botanischen Garten!<\/p>\n<p style=\"text-align: center;\">Enth\u00e4lt &#8211; \u00fcber entsprechende &#8222;Links&#8220; ausf\u00fchrliche Informationen \u00fcber alle Mitglieder des Verbandes der Botanischen G\u00e4rten Deutschlands &#8211; von Aachen bis Wuppertal.<\/p>\n<hr \/>\n<p><a href=\"http:\/\/www.elisenhoehe.de\" target=\"_blank\" rel=\"noopener\"><img loading=\"lazy\" decoding=\"async\" class=\"alignnone wp-image-8662 size-large\" src=\"http:\/\/www.botanischer-garten-wuppertal.de\/wordpress\/wp-content\/uploads\/2021\/09\/Elisenhoehe_Logo-1024x294.jpg\" alt=\"\" width=\"640\" height=\"184\" srcset=\"http:\/\/www.botanischer-garten-wuppertal.de\/wordpress\/wp-content\/uploads\/2021\/09\/Elisenhoehe_Logo-1024x294.jpg 1024w, http:\/\/www.botanischer-garten-wuppertal.de\/wordpress\/wp-content\/uploads\/2021\/09\/Elisenhoehe_Logo-300x86.jpg 300w, http:\/\/www.botanischer-garten-wuppertal.de\/wordpress\/wp-content\/uploads\/2021\/09\/Elisenhoehe_Logo-768x220.jpg 768w, http:\/\/www.botanischer-garten-wuppertal.de\/wordpress\/wp-content\/uploads\/2021\/09\/Elisenhoehe_Logo-1536x440.jpg 1536w, http:\/\/www.botanischer-garten-wuppertal.de\/wordpress\/wp-content\/uploads\/2021\/09\/Elisenhoehe_Logo.jpg 2048w\" sizes=\"auto, (max-width: 640px) 100vw, 640px\" \/><\/a><\/p>\n<p style=\"text-align: center;\"><strong><a href=\"http:\/\/www.elisenhoehe.de\/\" target=\"_blank\" rel=\"noopener\">Gastronomie<\/a>\u00a0im Botanischen Garten und Parkanlage Hardt<\/strong><\/p>\n<p style=\"text-align: center;\">Die Elisenh\u00f6he\u00a0befindet sich inmitten eines der \u00e4ltesten von B\u00fcrgerhand errichteten Stadtparks Deutschlands, die Hardt-Anlagen. Das\u00a0Restaurant \u201e<a href=\"http:\/\/www.elisenhoehe.de\/orangerie\/\" target=\"_blank\" rel=\"noopener\">Orangerie<\/a>\u201c eingebettet in der Gr\u00fcnderzeitvilla \u201eVilla Eller\u201c und das ebenfalls gastronomisch genutzte benachbarte Fachwerkhaus aus dem 18. Jahrhundert (<a title=\"Opens external link in new window\" href=\"http:\/\/www.elisenhoehe.de\/cafe-elise\" target=\"_blank\" rel=\"noopener\">Caf\u00e9 Elise<\/a>\u00a0und\u00a0<a title=\"Opens external link in new window\" href=\"http:\/\/www.elisenhoehe.de\/hardt-terrassen\" target=\"_blank\" rel=\"noopener\">Hardt-Terrassen<\/a>), das das \u00e4lteste Geb\u00e4ude der Anlagen ist sowie der in unmittelbarer Nachbarschaft stehende\u00a0<a href=\"http:\/\/www.elisenhoehe.de\/elisenturm\/\" target=\"_blank\" rel=\"noopener\">Elisenturm<\/a>\u00a0mit dem\u00a0<a href=\"http:\/\/www.botanischer-garten-wuppertal.de\/\" target=\"_blank\" rel=\"noopener\">Botanischen Garten<\/a>\u00a0bilden eine traumhafte Einheit hoch oben auf der Elisenh\u00f6he.<\/p>\n<hr \/>\n<p><a href=\"http:\/\/www.naturwissenschaftlicher-verein-wuppertal.de\/\" target=\"_blank\" rel=\"attachment noopener wp-att-2769\"><img loading=\"lazy\" decoding=\"async\" class=\"size-full wp-image-2769 aligncenter\" title=\"logo\" src=\"http:\/\/www.botanischer-garten-wuppertal.de\/wordpress\/wp-content\/uploads\/2012\/02\/logo.jpg\" alt=\"\" width=\"860\" height=\"200\" srcset=\"http:\/\/www.botanischer-garten-wuppertal.de\/wordpress\/wp-content\/uploads\/2012\/02\/logo.jpg 860w, http:\/\/www.botanischer-garten-wuppertal.de\/wordpress\/wp-content\/uploads\/2012\/02\/logo-300x69.jpg 300w\" sizes=\"auto, (max-width: 860px) 100vw, 860px\" \/><\/a><\/p>\n<p style=\"text-align: center;\" align=\"justify\"><strong><a href=\"http:\/\/www.naturwissenschaftlicher-verein-wuppertal.de\/\" target=\"_blank\" rel=\"noopener\">Willkommen beim Naturwissenschaftlichen Verein Wuppertal e.V.<\/a><\/strong><\/p>\n<p style=\"text-align: center;\" align=\"justify\">Der Verein wurde 1846 von Johann Carl Fuhlrott, dem Erstbeschreiber des Neanderthalers, gegr\u00fcndet und z\u00e4hlt damit zu den \u00e4ltesten naturwissenschaftlichen Vereinen Deutschlands. Auch nach \u00fcber 160 Jahren ist er vital und aktiv.<\/p>\n<hr \/>\n<p><a href=\"https:\/\/neu.wuppertals-gruene-anlagen.de\/der-foerderverein\/\" target=\"_blank\" rel=\"noopener\"><img loading=\"lazy\" decoding=\"async\" class=\"wp-image-10428 size-medium aligncenter\" src=\"http:\/\/www.botanischer-garten-wuppertal.de\/wordpress\/wp-content\/uploads\/2026\/01\/Foerderverein-Historische-Parkanlagen-Logo-300x78.jpg\" alt=\"\" width=\"300\" height=\"78\" srcset=\"http:\/\/www.botanischer-garten-wuppertal.de\/wordpress\/wp-content\/uploads\/2026\/01\/Foerderverein-Historische-Parkanlagen-Logo-300x78.jpg 300w, http:\/\/www.botanischer-garten-wuppertal.de\/wordpress\/wp-content\/uploads\/2026\/01\/Foerderverein-Historische-Parkanlagen-Logo-768x200.jpg 768w, http:\/\/www.botanischer-garten-wuppertal.de\/wordpress\/wp-content\/uploads\/2026\/01\/Foerderverein-Historische-Parkanlagen-Logo.jpg 798w\" sizes=\"auto, (max-width: 300px) 100vw, 300px\" \/><\/a><\/p>\n<p style=\"text-align: center;\"><a href=\"https:\/\/neu.wuppertals-gruene-anlagen.de\/der-foerderverein\/\" target=\"_blank\" rel=\"noopener\"><strong>F\u00f6rderverein historische Parkanlagen Wuppertal e.V.<\/strong><\/a><\/p>\n<p style=\"text-align: center;\">Der Zweck des Vereins ist die ideelle und gemeinn\u00fctzige Unterst\u00fctzung bei der Erhaltung, Pflege und Gestaltung der Wuppertaler Park- und Gr\u00fcnanlagen und Pl\u00e4tze und die Verwirklichung der Idee einer Wiederherstellung historischer Situationen sowie deren wissenschaftliche Aufarbeitung.<\/p>\n<hr \/>\n<p style=\"text-align: center;\"><a href=\"http:\/\/www.strasse-der-gartenkunst.de\/\" target=\"_blank\" rel=\"noopener\"><strong>Stra\u00dfe der Gartenkunst<\/strong><\/a><\/p>\n<p style=\"text-align: center;\"><strong>Die Stra\u00dfe der Gartenkunst zwischen Rhein und Maas<\/strong><\/p>\n<p style=\"text-align: center;\">35 Mitglieder mit 55 Parks, das ist die Stra\u00dfe der Gartenkunst zwischen Rhein und Maas e.V. \u2013 der erste grenz\u00fcberschreitende Verein in Nordrhein-Westfalen und den Niederlanden, in dem besonders sch\u00f6ne und hochwertige, zumeist historische G\u00e4rten zusammengeschlossen sind. Das Ziel der \u00f6ffentlichen wie privaten Eigent\u00fcmer dieser G\u00e4rten ist es, das wertvolle, gartenkulturelle Erbe zu erhalten sowie die G\u00e4rten gemeinsam touristisch zu vermarkten.<\/p>\n<hr \/>\n<p style=\"text-align: center;\"><a href=\"http:\/\/www.eghn.org\/\" target=\"_blank\" rel=\"noopener\">Europ\u00e4isches Gartennetzwerk &#8211; EGHN<\/a><\/p>\n<p><a href=\"http:\/\/www.eghn.org\/\" target=\"_blank\" rel=\"noopener\"><img loading=\"lazy\" decoding=\"async\" class=\"aligncenter wp-image-4634 size-full\" src=\"http:\/\/www.botanischer-garten-wuppertal.de\/wordpress\/wp-content\/uploads\/2012\/02\/EGHN.gif\" alt=\"EGHN\" width=\"164\" height=\"100\" \/><\/a><\/p>\n<hr \/>\n<p style=\"text-align: center;\"><strong>Waldp\u00e4dagogisches Zentrum (WPZ) Burgholz<\/strong><\/p>\n<p><a href=\"http:\/\/www.wpz-burgholz.de\/\" target=\"_blank\" rel=\"attachment noopener wp-att-2694\"><img loading=\"lazy\" decoding=\"async\" class=\"aligncenter wp-image-2694 size-full\" title=\"pic1334313538\" src=\"http:\/\/www.botanischer-garten-wuppertal.de\/wordpress\/wp-content\/uploads\/2012\/02\/pic1334313538.jpg\" alt=\"\" width=\"222\" height=\"191\" \/><\/a><\/p>\n<p style=\"text-align: center;\">Seit seiner Er\u00f6ffnung im Jahre 1999 bietet das Arboretum (abgeleitet vom lateinischen arbor = Baum) im S\u00fcdwesten Wuppertals vier beschilderte Rundwanderwege durch eine exotische Waldlandschaft mit vielen Laub- und Nadelh\u00f6lzern aus fremden L\u00e4ndern und Kontinenten: aus Nordamerika, Asien und dem Mittelmeerraum; darunter die Japanische Sicheltanne, das Chinesische Rotholz, die Kalifornische Weihrauchzeder und der imposante Mammutbaum.<br \/>\n<strong>Weitere botanische Kenntnisse bietet das im Arboretum gelegene Waldp\u00e4dagogische Zentrum (<a href=\"http:\/\/www.wpz.nrw.de\" target=\"_blank\" rel=\"noopener\">www.wpz.nrw.de<\/a>)<\/strong><\/p>\n<hr \/>\n<p><a href=\"http:\/\/swingjugend.com\/\" target=\"_blank\" rel=\"noopener\"><img loading=\"lazy\" decoding=\"async\" class=\"aligncenter wp-image-5910 size-medium\" src=\"http:\/\/www.botanischer-garten-wuppertal.de\/wordpress\/wp-content\/uploads\/2012\/02\/SwingJugend-300x130.jpg\" alt=\"swingjugend\" width=\"300\" height=\"130\" srcset=\"http:\/\/www.botanischer-garten-wuppertal.de\/wordpress\/wp-content\/uploads\/2012\/02\/SwingJugend-300x130.jpg 300w, http:\/\/www.botanischer-garten-wuppertal.de\/wordpress\/wp-content\/uploads\/2012\/02\/SwingJugend.jpg 625w\" sizes=\"auto, (max-width: 300px) 100vw, 300px\" \/><\/a><\/p>\n<p style=\"text-align: center;\">Die Swingjugend Wuppertal bietet im Sommer Tanz auf dem Elisenplatz an.<\/p>\n<hr \/>\n<p><a href=\"http:\/\/dr-baldy-psychologie.de\/\" target=\"_blank\" rel=\"noopener\"><img loading=\"lazy\" decoding=\"async\" class=\"aligncenter wp-image-5485 size-medium\" src=\"http:\/\/www.botanischer-garten-wuppertal.de\/wordpress\/wp-content\/uploads\/2012\/02\/Dr.-Elke-Baldy-300x57.jpg\" alt=\"Dr. Elke Baldy\" width=\"300\" height=\"57\" srcset=\"http:\/\/www.botanischer-garten-wuppertal.de\/wordpress\/wp-content\/uploads\/2012\/02\/Dr.-Elke-Baldy-300x57.jpg 300w, http:\/\/www.botanischer-garten-wuppertal.de\/wordpress\/wp-content\/uploads\/2012\/02\/Dr.-Elke-Baldy.jpg 594w\" sizes=\"auto, (max-width: 300px) 100vw, 300px\" \/><\/a><\/p>\n<p style=\"text-align: center;\">Dr. Elke Baldy bietet seit vielen Jahren Achsamkeitsspazierg\u00e4nge im Sommerhalbjahr im Botanischen Garten an.<\/p>\n<hr \/>\n<p><a href=\"http:\/\/www.taichi-rheinwupper.de\/\" target=\"_blank\" rel=\"noopener\"><img loading=\"lazy\" decoding=\"async\" class=\"aligncenter wp-image-5489 size-medium\" src=\"http:\/\/www.botanischer-garten-wuppertal.de\/wordpress\/wp-content\/uploads\/2012\/02\/Tai-Chi-Chuan-300x80.jpg\" alt=\"Tai Chi Chuan\" width=\"300\" height=\"80\" srcset=\"http:\/\/www.botanischer-garten-wuppertal.de\/wordpress\/wp-content\/uploads\/2012\/02\/Tai-Chi-Chuan-300x80.jpg 300w, http:\/\/www.botanischer-garten-wuppertal.de\/wordpress\/wp-content\/uploads\/2012\/02\/Tai-Chi-Chuan.jpg 677w\" sizes=\"auto, (max-width: 300px) 100vw, 300px\" \/><\/a><\/p>\n<p style=\"text-align: center;\">Das Ehepaar Ulla und Manfred Mestel bieten seit vielen Jahren im Sommerhalbjahr Tai Chi Chuan Schnupperkurse auf der Wiese vor den Glash\u00e4usern im Botanischen Garten Wuppertal an.<\/p>\n<hr \/>\n<p style=\"text-align: center;\"><strong>Conti-Reisen \u2013 Gruppenreisen mit Niveau<br \/>\n<em>Studienreisen \u2013 Kunstreisen \u2013 Naturreisen \u2013 Incoming \u2013 Besinnungsreisen<\/em><\/strong><\/p>\n<p><a href=\"http:\/\/www.conti-reisen.de\" target=\"_blank\" rel=\"noopener\"><img loading=\"lazy\" decoding=\"async\" class=\"aligncenter wp-image-5474 size-full\" src=\"http:\/\/www.botanischer-garten-wuppertal.de\/wordpress\/wp-content\/uploads\/2012\/02\/logo-conti.png\" alt=\"logo-conti\" width=\"200\" height=\"68\" \/><\/a><\/p>\n<p style=\"text-align: center;\">Der K\u00f6lner Reiseveranstalter <a href=\"http:\/\/www.conti-reisen.de\" target=\"_blank\" rel=\"noopener\">CONTI-REISEN<\/a> ist seit \u00fcber 35 Jahren Spezialveranstalter f\u00fcr ma\u00dfgeschneiderte Gruppenreisen. Neben Kunst- und Studienreisen sind Natur- und Gartenreisen ein Schwerpunkt des Unternehmens.<br \/>\nDamit ist CONTI-REISEN der richtige Ansprechpartner sowohl f\u00fcr Einzelkunden, die sich einer ausgeschriebenen Gruppenreise anschlie\u00dfen m\u00f6chten, als auch f\u00fcr Institutionen, die ihre eigenen Reiseideen als Gruppenreise verwirklichen m\u00f6chten.<\/p>\n<p style=\"text-align: center;\"><strong>Auch die Freunde des Botanischen Gartens Wuppertal finden hier Reisem\u00f6glichkeiten im gehobenen Ambiente Gleichgesinnter.<\/strong><\/p>\n<hr \/>\n<p style=\"text-align: center;\"><strong>Netzwerk Igel e.V. \u2013 Hilfe f\u00fcr Wildtiere in Not<\/strong><a href=\"http:\/\/www.netzwerk-igel.de\" target=\"_blank\" rel=\"noopener\"><img loading=\"lazy\" decoding=\"async\" class=\"alignnone wp-image-9909 size-full\" src=\"http:\/\/www.botanischer-garten-wuppertal.de\/wordpress\/wp-content\/uploads\/2025\/06\/Netzwerk-Igel.png\" alt=\"\" width=\"340\" height=\"156\" srcset=\"http:\/\/www.botanischer-garten-wuppertal.de\/wordpress\/wp-content\/uploads\/2025\/06\/Netzwerk-Igel.png 340w, http:\/\/www.botanischer-garten-wuppertal.de\/wordpress\/wp-content\/uploads\/2025\/06\/Netzwerk-Igel-300x138.png 300w\" sizes=\"auto, (max-width: 340px) 100vw, 340px\" \/><\/a><br \/>\nDer gemeinn\u00fctzige Verein Netzwerk Igel e.V. aus Wuppertal k\u00fcmmert sich seit \u00fcber 20 Jahren um verletzte, geschw\u00e4chte und verwaiste Igel. Neben fachgerechter Pflege und Auswilderung liegt ein Schwerpunkt auf Umweltbildung, \u00d6ffentlichkeitsarbeit und igelfreundlicher Gartengestaltung.<br \/>\nWeitere Informationen unter: <a href=\"https:\/\/www.netzwerk-igel.de\" target=\"_blank\" rel=\"noopener\" data-end=\"1232\" data-start=\"1180\">www.netzwerk-igel.de<\/a><\/p>\n","protected":false},"excerpt":{"rendered":"<p>&nbsp; Der Gr\u00fcne Zoo Wuppertal Die Station Natur und Umwelt besteht seit 1984 und ist die gr\u00f6\u00dfte kommunale Einrichtung f\u00fcr Umweltbildung und Umwelterziehung im Bergischen Land. \u00dcber 25.000 kleine und gro\u00dfe Nutzerinnen und Nutzer j\u00e4hrlich erleben in dem sieben Hektar &hellip; <a href=\"http:\/\/www.botanischer-garten-wuppertal.de\/wordpress\/?page_id=2007\">Weiterlesen <span class=\"meta-nav\">&rarr;<\/span><\/a><\/p>\n","protected":false},"author":1,"featured_media":0,"parent":0,"menu_order":9,"comment_status":"closed","ping_status":"closed","template":"onecolumn-page.php","meta":{"footnotes":""},"class_list":["post-2007","page","type-page","status-publish","hentry"],"_links":{"self":[{"href":"http:\/\/www.botanischer-garten-wuppertal.de\/wordpress\/index.php?rest_route=\/wp\/v2\/pages\/2007","targetHints":{"allow":["GET"]}}],"collection":[{"href":"http:\/\/www.botanischer-garten-wuppertal.de\/wordpress\/index.php?rest_route=\/wp\/v2\/pages"}],"about":[{"href":"http:\/\/www.botanischer-garten-wuppertal.de\/wordpress\/index.php?rest_route=\/wp\/v2\/types\/page"}],"author":[{"embeddable":true,"href":"http:\/\/www.botanischer-garten-wuppertal.de\/wordpress\/index.php?rest_route=\/wp\/v2\/users\/1"}],"replies":[{"embeddable":true,"href":"http:\/\/www.botanischer-garten-wuppertal.de\/wordpress\/index.php?rest_route=%2Fwp%2Fv2%2Fcomments&post=2007"}],"version-history":[{"count":59,"href":"http:\/\/www.botanischer-garten-wuppertal.de\/wordpress\/index.php?rest_route=\/wp\/v2\/pages\/2007\/revisions"}],"predecessor-version":[{"id":10432,"href":"http:\/\/www.botanischer-garten-wuppertal.de\/wordpress\/index.php?rest_route=\/wp\/v2\/pages\/2007\/revisions\/10432"}],"wp:attachment":[{"href":"http:\/\/www.botanischer-garten-wuppertal.de\/wordpress\/index.php?rest_route=%2Fwp%2Fv2%2Fmedia&parent=2007"}],"curies":[{"name":"wp","href":"https:\/\/api.w.org\/{rel}","templated":true}]}}