{"id":11,"date":"2012-02-20T16:19:21","date_gmt":"2012-02-20T15:19:21","guid":{"rendered":"http:\/\/www.botanischer-garten-wuppertal.de\/wordpress\/?page_id=11"},"modified":"2023-02-14T15:41:11","modified_gmt":"2023-02-14T14:41:11","slug":"home","status":"publish","type":"page","link":"http:\/\/www.botanischer-garten-wuppertal.de\/wordpress\/","title":{"rendered":"Home"},"content":{"rendered":"<p>&nbsp;<\/p>\n<h2 style=\"text-align: center;\">Herzlich willkommen auf den Internetseiten des Vereins der Freunde und F\u00f6rderer des Botanischen Gartens<br \/>\nWuppertal e.V.<\/h2>\n<p style=\"text-align: center;\"><img loading=\"lazy\" decoding=\"async\" class=\"size-full wp-image-9 aligncenter\" title=\"logo\" src=\"http:\/\/www.botanischer-garten-wuppertal.de\/wordpress\/wp-content\/uploads\/2012\/02\/logo.gif\" alt=\"\" width=\"100\" height=\"67\" \/><\/p>\n<h2 style=\"text-align: center;\"><a href=\"http:\/\/www.botanischer-garten-wuppertal.de\/wordpress\/?page_id=25\">Weitere Infos zu aktuellen Terminen<\/a><\/h2>\n<p>&nbsp;<\/p>\n<p style=\"text-align: left;\"><strong>\u00d6ffnungszeiten:<\/strong><\/p>\n<p style=\"text-align: left;\">April bis September \u00a0 \u00a0 \u00a0 \u00a0 \u00a007.30 bis 19.00 Uhr<br \/>\nOktober und M\u00e4rz \u00a0 \u00a0 \u00a0 \u00a0 \u00a0 \u00a0 07.30 bis 18.00 Uhr<br \/>\nNovember bis Februar\u00a0 \u00a0 \u00a0 07.30 bis 16.30 Uhr<\/p>\n<p><em>Samstags, sonntags und an Feiertagen ist der Garten\u00a0ab 09.00 Uhr ge\u00f6ffnet.<\/em><\/p>\n<p style=\"text-align: left;\"><strong>Gro\u00dfes Glashaus, Warm- und Kalthausbereich:<br \/>\n<\/strong>April bis September \u00a0 \u00a0 \u00a0 \u00a0 11.00 bis 18.00 Uhr<br \/>\nOktober und M\u00e4rz\u00a0 \u00a0 \u00a0 \u00a0 \u00a0 \u00a0 11.00 bis 16.00 Uhr<br \/>\n<em>In seltenen F\u00e4llen bleibt Montags das Glashaus geschlossen!<\/em><\/p>\n<p style=\"text-align: left;\">Die Themenbereichsh\u00e4user (Kakteen, Sukkulenten, Zwiebel- und Knollengew\u00e4chse) werden zu F\u00fchrungen ge\u00f6ffnet.<\/p>\n<p style=\"text-align: left;\">Der Garten und die Glash\u00e4user bleiben an folgenden Tagen geschlossen: \u00a024., 25., 26. und 31.12. sowie am 01.01. eines jeden Jahres.<\/p>\n<p style=\"text-align: left;\">Der Eintritt in den Botanischen Garten ist kostenlos. Hunde d\u00fcrfen im Botanischen Garten leider nicht mitgef\u00fchrt werden.<\/p>\n<p style=\"text-align: left;\">Im Bereich der Parkanlage Hardt ist das Mitf\u00fchren von Hunden an der Leine erlaubt.<\/p>\n<h2><strong>Der Botanische Garten Wuppertal<\/strong><\/h2>\n<p>Es gibt nicht viele St\u00e4dte von der Gr\u00f6\u00dfe Wuppertals, die einen\u00a0Botanischen Garten besitzen. Die Bewahrung und F\u00f6rderung\u00a0einer solchen Institution ist im Zeitalter fortschreitender Biotopzerst\u00f6rung und der damit verbundenen Gef\u00e4hrdung oder gar Ausrottung von Arten eine \u00e4u\u00dferst wichtige Aufgabe.<\/p>\n<p>Wir stehen in der Pflicht, die Natur in ihrer ganzen Vielfalt f\u00fcr unsere Kinder treuh\u00e4nderisch zu verwalten, um der Nachwelt vom Pflanzeninventar unseres Planeten so viel wie m\u00f6glich zu bewahren. Wir m\u00fcssen lernen, unsere Umwelt als ein kostbares, hochsensibles Gut zu betrachten, in dem nicht der Mensch das Ma\u00df aller Dinge ist, sondern nur Teil des komplizierten Naturgef\u00fcges.<\/p>\n<p>Es ist daher von gr\u00f6\u00dfter Wichtigkeit, dass sich alle Botanischen G\u00e4rten weltweit f\u00fcr die Erhaltung des Artenreichtums aller Kontinente einsetzen. Einmal Ausgerottetes kann niemals mehr wieder beschafft werden. Das bedarf gro\u00dfer Anstrengungen, viel Idealismus sowie nicht unerheblicher finanzieller Mittel, wobei das Geld zur Zeit knapper denn je ist.<\/p>\n<h2><strong>Verein der Freunde und F\u00f6rderer des Botanischen Gartens Wuppertal e. V.\u00a0<\/strong><\/h2>\n<p>Um den vielf\u00e4ltigen Aufgaben eines Botanischen Gartens gerecht werden zu k\u00f6nnen, wurde im Jahre 1993 der <strong>Verein der Freunde und F\u00f6rderer des Botanischen Gartens Wuppertal e. V.\u00a0<\/strong>gegr\u00fcndet, mit dessen Beitr\u00e4gen und Spenden in der Vergangenheit wichtige Vorhaben realisiert wurden. Von vorausschauenden Stadtv\u00e4tern der damals noch selbstst\u00e4ndigen Stadt Elberfeld wurde 1890 beschlossen, auf der 4600 Quadratmeter gro\u00dfen Fl\u00e4che des heutigen Rosengartens auf der Hardt einen botanischen Schulgarten anzulegen. Dieser Garten lieferte die Pflanzen und Pflanzenteile f\u00fcr den Biologieunterricht der Schulen und damit das Ausgangsmaterial, um das Verst\u00e4ndnis f\u00fcr die Natur und die Pflanzenwelt bei den Sch\u00fclerinnen und Sch\u00fclern zu f\u00f6rdern. Der botanische Schulgarten fand so gro\u00dfen Anklang, dass die urspr\u00fcngliche Fl\u00e4che schon bald zu klein war. Deshalb wurde er in den Jahren 1908 bis 1910 nach S\u00fcden in das Gel\u00e4nde des ehemaligen Landsitzes des Textilfabrikanten Eller verlegt.<\/p>\n<p>Der 1820 gegr\u00fcndete Landsitz umfasst das gro\u00dfr\u00e4umige Landhaus mit Orangerie, das Wohn- und Betriebsgeb\u00e4ude und den 1838 erbauten, mit 21,40 m H\u00f6he weithin sichtbaren Elisenturm, der den optischen Mittelpunkt des heutigen Gartens bildet. Der Turm erhielt seinen Namen nach Elise, der Gemahlin Friedrich Wilhelms IV. von Preu\u00dfen. Er steht unter Denkmalschutz und wird f\u00fcr Trauungen und andere Feste genutzt. Nach der Gr\u00fcndung der Stadt Wuppertal 1929, bei der die bis dahin selbst\u00e4ndigen St\u00e4dte Elberfeld, Barmen, Vohwinkel, Ronsdorf und Cronenberg zur neuen Gro\u00dfstadt vereinigt wurden, wurde aus dem Schulgarten der Botanische Garten Wuppertal.<\/p>\n<p>Eingebettet in die zentrale Parkanlage Hardt erstreckt er sich mit 2,5 ha Gr\u00f6\u00dfe in Ost-West-Richtung entlang eines S\u00fcdhanges in ca. 220 m H\u00f6he \u00fcber NN. Die abwechslungsreiche H\u00fcgellage war ideale Voraussetzung zur Schaffung verschiedener Gartenr\u00e4ume, in denen ca. 4 000 Pflanzenarten ihren speziellen Anspr\u00fcchen gem\u00e4\u00df kultiviert werden. Bei derzeit rund 25000 gef\u00e4hrdeten und vom Aussterben bedrohten Arten gewinnt der Naturschutz zunehmend an Bedeutung. Im Botanischen Garten Wuppertal werden ca. 400 gesch\u00fctzte Arten kultiviert und vermehrt: z. B. Vertreter der Gattungen Cyclamen, Iris, Paeonia, Scilla, Moraea, Babiana, Gladiolus usw.<\/p>\n<p>Die Aufgaben eines Botanischen Gartens sind umfangreich und vielschichtig. Die wichtigsten f\u00fcr die Besucher sind: Das N\u00e4herbringen der Natur, die Vermittlung biologisch-botanischer Kenntnisse, das Aufzeigen von \u00f6kologischen Zusammenh\u00e4ngen<br \/>\nsowie von Ma\u00dfnahmen zum Schutze der Pflanzen.<\/p>\n<p><strong>\u00a0<\/strong><\/p>\n","protected":false},"excerpt":{"rendered":"<p>&nbsp; Herzlich willkommen auf den Internetseiten des Vereins der Freunde und F\u00f6rderer des Botanischen Gartens Wuppertal e.V. Weitere Infos zu aktuellen Terminen &nbsp; \u00d6ffnungszeiten: April bis September \u00a0 \u00a0 \u00a0 \u00a0 \u00a007.30 bis 19.00 Uhr Oktober und M\u00e4rz \u00a0 \u00a0 &hellip; <a href=\"http:\/\/www.botanischer-garten-wuppertal.de\/wordpress\/\">Weiterlesen <span class=\"meta-nav\">&rarr;<\/span><\/a><\/p>\n","protected":false},"author":1,"featured_media":0,"parent":0,"menu_order":0,"comment_status":"closed","ping_status":"closed","template":"onecolumn-page.php","meta":{"footnotes":""},"class_list":["post-11","page","type-page","status-publish","hentry"],"_links":{"self":[{"href":"http:\/\/www.botanischer-garten-wuppertal.de\/wordpress\/index.php?rest_route=\/wp\/v2\/pages\/11","targetHints":{"allow":["GET"]}}],"collection":[{"href":"http:\/\/www.botanischer-garten-wuppertal.de\/wordpress\/index.php?rest_route=\/wp\/v2\/pages"}],"about":[{"href":"http:\/\/www.botanischer-garten-wuppertal.de\/wordpress\/index.php?rest_route=\/wp\/v2\/types\/page"}],"author":[{"embeddable":true,"href":"http:\/\/www.botanischer-garten-wuppertal.de\/wordpress\/index.php?rest_route=\/wp\/v2\/users\/1"}],"replies":[{"embeddable":true,"href":"http:\/\/www.botanischer-garten-wuppertal.de\/wordpress\/index.php?rest_route=%2Fwp%2Fv2%2Fcomments&post=11"}],"version-history":[{"count":55,"href":"http:\/\/www.botanischer-garten-wuppertal.de\/wordpress\/index.php?rest_route=\/wp\/v2\/pages\/11\/revisions"}],"predecessor-version":[{"id":9093,"href":"http:\/\/www.botanischer-garten-wuppertal.de\/wordpress\/index.php?rest_route=\/wp\/v2\/pages\/11\/revisions\/9093"}],"wp:attachment":[{"href":"http:\/\/www.botanischer-garten-wuppertal.de\/wordpress\/index.php?rest_route=%2Fwp%2Fv2%2Fmedia&parent=11"}],"curies":[{"name":"wp","href":"https:\/\/api.w.org\/{rel}","templated":true}]}}